557
Let d = 20 + -13. Let w(s) = -5*s + 9 + d*s + 10*s + 0*s**2 - s**3 - 3*s**2. What are the prime factors of w(-6)?
3, 5
What are the prime factors of ((-28)/(-10))/((-54)/(-24165))?
7, 179
Suppose -3*u = -2*u + y - 3626, -4*u + 4*y = -14504. What are the prime factors of u?
2, 7, 37
Suppose 0 = b - 22 - 8. Let v be ((-10)/(-1))/(14/7). Suppose b = v*a - 50. List the prime factors of a.
2
List the prime factors of (-1311)/5*(-90)/18.
3, 19, 23
Suppose -14 + 62 = 4*k. Let o be (-3)/k - (-17)/4. Suppose -3*h = -2*i - 3*i + 1, 0 = o*i - 20. List the prime factors of h.
2
Let x(a) = -a + 5. Let c be x(0). Suppose -c*g = -5*k + 1050, -45 = -k - 5*g + 177. List the prime factors of k.
2, 53
Let v = -4 + 1. Let f be 59/3 - (-2)/v. Let i = f + -5. List the prime factors of i.
2, 7
Let y be ((-1)/(-1)*-1)/((-1)/333). Suppose 0 = 6*m - 1131 - y. What are the prime factors of m?
2, 61
Let p(v) = -2*v - 12. Let g be p(-5). Let h be 72/5*g*-5. Suppose 0*i + i + 186 = 5*y, -4*y - 4*i = -h. What are the prime factors of y?
37
Let q(w) = w**3 + 24*w**2 + 22*w - 17. Let d be q(-23). Let p = 12 + d. What are the prime factors of p?
2, 3
List the prime factors of (-114)/(15/5)*-1.
2, 19
Let y be 2 - (-5)/(5/77). Let h be (12/10)/(4/170). Let q = y - h. List the prime factors of q.
2, 7
Suppose -99*u - 475 = -100*u - g, -u + 480 = 2*g. What are the prime factors of u?
2, 5, 47
Suppose 5*n + j = 4*j - 1, n - 2*j = 4. What are the prime factors of (-3)/(n + (-118)/(-62))?
31
Let l(s) = -s**3 + 21*s**2 + 53*s. List the prime factors of l(23).
7, 23
Suppose 5*h - 100 = -v, -v - 3*h = -4*h - 124. Suppose -4*b + v = 5*c, -4*b - 49 = -4*c + 47. What are the prime factors of c?
2, 3
Suppose -5*u + f + 9 + 11 = 0, 0 = 2*u + 2*f + 4. Suppose u*t = -133 + 4. Let m = -14 - t. What are the prime factors of m?
29
Let p = 5 + -7. Let t(b) = 5*b**2 + 5*b + 3. List the prime factors of t(p).
13
Let y(v) = -2*v**2 + 6*v - 2. Let p be y(4). Suppose f = -4*f - 1070. What are the prime factors of 4/p + f/(-10)?
3, 7
Suppose t + 1259 = 5*h, -4*h - t - 157 = -1157. List the prime factors of h.
251
What are the prime factors of (-28925)/(-31) + 54/(-837)?
3, 311
Suppose 58*i = 69*i - 24288. What are the prime factors of i?
2, 3, 23
Let u be (176/(-33))/(1/3). What are the prime factors of (-2)/(-8) + (-1004)/u + 1?
2
Suppose -3*c - 60 = -8*c. Let n be (8/c)/(3/450). Suppose -n = 5*p - 325. List the prime factors of p.
3, 5
Let h(i) = -i**2 + i + 14. Let c(m) = -m**3 + m + 1. Let f be c(-1). Let l = -1 + f. What are the prime factors of h(l)?
2, 7
Let n = -32 - -35. Suppose 5*m + n*r - 114 = 0, r - 41 - 25 = -3*m. Suppose -4*u = -u - m. What are the prime factors of u?
7
Suppose -13 = 3*m - 1. What are the prime factors of 4/(80/(-15)) - 415/m?
103
Suppose 0 = -f - 0*f - z + 8, -f + 2*z = 4. Suppose -3*g - f*b = 17, 0 = 2*b - 2 + 6. List the prime factors of 1/g - 110/(-6).
2, 3
Suppose 0*k = -2*k + 16. Suppose h - k = 19. What are the prime factors of h?
3
What are the prime factors of (-3550)/(-20) + 2/4 + 0?
2, 89
List the prime factors of (-36)/(-27)*(0 + (-1137)/(-2)).
2, 379
Suppose 4*w - 275 = -w. Let f be 340/w + 2/(-11). What are the prime factors of 20/f*(-5 - -8)?
2, 5
Let z be ((-26)/3)/((-14)/(-21)). Let y(o) = o**2 + 11*o - 18. Let c be y(z). Suppose 3*i - 2*h + 0*h - 11 = 0, -2*i + c = -2*h. List the prime factors of i.
3
Let x(w) be the third derivative of 5*w**4/24 - w**3 + 9*w**2. What are the prime factors of x(6)?
2, 3
Let j = -57 + 207. Suppose -d + 71 = -2*q - 4*d, 5*q + 2*d + j = 0. List the prime factors of ((-36)/(-10))/(q/(-490)).
3, 7
Let n = 220 - -666. What are the prime factors of n?
2, 443
Let q = -8 - -11. Let v(a) = -3*a - 7*a + 3*a + q*a + 3. List the prime factors of v(-3).
3, 5
Suppose 125*x - 5350 = 115*x. What are the prime factors of x?
5, 107
List the prime factors of (22 - 16)/(3/434).
2, 7, 31
Let g(d) = 16*d - 16. Let x be g(3). Suppose 8*t + x = 12*t. What are the prime factors of t?
2
Suppose -2*s + 1308 = 4992. Let l be 4/(-20) + s/15. Let m = -66 - l. List the prime factors of m.
3, 19
Let h(v) = -v**3 + 2*v**2 + 1. Let u be h(-2). Let q = -37 + u. Let x = q + 29. List the prime factors of x.
3
Let o be (-117)/3 + 1*2. Let d be 286/(-55) + 5 - 366/(-5). Let i = o + d. List the prime factors of i.
2, 3
Suppose -3*z + 5 = 14. Let w = z - 11. What are the prime factors of 1/(-2) + (-105)/w?
7
Let y(g) = g**3 - 13*g**2 + 11*g + 12. Let f be y(11). Let l = f - -175. Suppose 4*h - l = 2*h. List the prime factors of h.
3, 11
Suppose -9*y + 4*y - 80 = 0. Suppose 3*w + 9 = 12. Let t = w - y. List the prime factors of t.
17
Let q(u) = u + 1. Let g(t) = -2*t**2 - 22*t + 8. Let i(f) = g(f) - 10*q(f). List the prime factors of i(-14).
2, 3
List the prime factors of (-85316)/(-88)*(-66)/(-21).
11, 277
Let g(o) = -1091*o - 3. Let w be g(-1). List the prime factors of 6/42 - w/(-28).
3, 13
Let l = -12 + 16. Suppose 20 = -5*t - p - l*p, 2*t - 5*p = 20. Suppose t = r + 3, -3*g = -g + 3*r - 27. What are the prime factors of g?
2, 3
Let h = 8705 - 6041. What are the prime factors of h?
2, 3, 37
Suppose -12*s + 1106 = 2*s. List the prime factors of s.
79
Let r(s) = -9*s + 9. Let h be r(-11). Suppose -2*q - 3*k + h = 0, q - 2*k - 3*k = 54. What are the prime factors of q?
2, 3
Let i = 7 + -2. Suppose -i*l - 2 + 1 = -q, 3*q = 5*l + 3. What are the prime factors of 31 + (6 - (l - -4))?
3, 11
Let g be 429/26 - (0 + (-2)/4). Suppose i = 33 + g. What are the prime factors of i?
2, 5
What are the prime factors of (0 - -2 - 8) + 42?
2, 3
Suppose 0 = -2*r - 2*l + 594, -4*r + l + 1475 - 302 = 0. Suppose 0 = h + 5*h - r. List the prime factors of h.
7
Let a(x) = 22*x + 135. List the prime factors of a(5).
5, 7
Let s(i) = i**2 - 3*i - 34. Let w be s(-15). List the prime factors of (1 + 0)*(w/4 - -2).
61
List the prime factors of -6 + ((-23)/(-1))/(1/25).
569
Suppose -5*p + 5*c = -p + 981, -5*p - 1222 = -2*c. Let b = -18 - p. What are the prime factors of b?
2, 113
Let w(v) = v**2 + 4*v + 9. Let r(n) = -n**2 - n. Suppose -2*k = -k + 3. Let z be r(k). What are the prime factors of w(z)?
3, 7
What are the prime factors of (-199793)/(-165) + 12 - 2/(-15)?
1223
Suppose 6*d + 205 + 251 = 0. List the prime factors of (d/(-16) - -3)*20.
5, 31
What are the prime factors of -4 + -3 + 114 + 2?
109
Suppose 0 = -2*v - 3*c + 933 - 189, v - 5*c = 385. What are the prime factors of v?
3, 5
Let g(b) = 2*b**2 - 4*b - 1. Let y be g(3). Let o = 40 - y. What are the prime factors of o?
5, 7
Suppose -5*l - h + 495 = -92, -3*h - 481 = -4*l. Let p be -1 + 2 + 2*2. Suppose -3*u = p*i - 157, 5*i - 3*u = 45 + l. List the prime factors of i.
2
Let h = -279 + 189. Let r = -145 - h. Let x = 80 + r. List the prime factors of x.
5
Let r be (10/(-8))/((-6039)/756 + 8). List the prime factors of ((-540)/r)/(4/154).
2, 3, 11
List the prime factors of 3009 - ((-648)/(-180) - (-4)/10).
5, 601
Suppose 5*u - u = 4*l - 32, 0 = -5*u + 3*l - 48. Let c = 87 + u. List the prime factors of c.
3, 5
Suppose 3*l - 11 = -2*a - 2*a, 4*l = 3*a - 27. Suppose -a*w = -15, -w + 37 + 146 = 5*n. List the prime factors of n.
2, 3
Let b(z) = z**2 - 8. Let y be b(-4). Suppose 1248 = y*f + 5*f. What are the prime factors of f?
2, 3
Let j be (-6)/((-6)/3) + -3. Suppose j*p + 3*p - 4 = -5*r, -r = -p + 4. Suppose -104 = -p*i - i. What are the prime factors of i?
2, 13
Let g be (-120)/(-3) - 24/8. Suppose -3*k + o + g = -2*k, 0 = -3*k - 2*o + 91. What are the prime factors of k?
3, 11
Let r(z) = z**2 + 2*z - 4. Let n be r(-4). Suppose n = c, 6*m - 3*m - c = 23. Let d(v) = v**2 - 6*v + 1. List the prime factors of d(m).
2, 7
Let p = 4 + -74. Let y = p + 37. Let k = y - -77. List the prime factors of k.
2, 11
Suppose 25*i - 20*i + 5*h = 135, 0 = -4*i - 2*h + 108. List the prime factors of i.
3
Let i = -58 + 61. Suppose 2*g = -i*g - 2*f + 838, 3*g = -4*f + 500. What are the prime factors of g?
2, 3, 7
Suppose 4*n - 8*n + 12 = 0. What are the prime factors of 1 + 195/n + (-1 - -5)?
2, 5, 7
Let y = -27 - -32. Let m(w) = 2*w - 6. Let c be m(3). Suppose -176 = -4*z + y*b, -2*b = 2*z - c*z - 88. List the prime factors of z.
2, 11
Let w = -1 + 113. Let h = -94 + w. List the prime factors of h.
2, 3
Let g(b) = -b + 2. Let h be g(-2). Suppos